{"id":10166,"date":"2021-02-26T19:53:08","date_gmt":"2021-02-27T00:53:08","guid":{"rendered":"https:\/\/info-prema.uqo.ca\/?page_id=10166"},"modified":"2022-10-07T13:12:29","modified_gmt":"2022-10-07T18:12:29","slug":"lallaitement-2-3","status":"publish","type":"page","link":"https:\/\/info-prema.uqo.ca\/?page_id=10166","title":{"rendered":"Exp\u00e9rience des m\u00e8res qui allaitent"},"content":{"rendered":"<div class=\"wpb-content-wrapper\"><p>[vc_row tw_dimension_type=&#8221;custom-min-height&#8221; tw_dimension_height=&#8221;300&#8243; size=&#8221;uk-section-normal&#8221; uk_light=&#8221;true&#8221; tablet=&#8221;true&#8221; mobile=&#8221;true&#8221; overlay=&#8221;0.3&#8243; css=&#8221;.vc_custom_1665155845067{margin-bottom: 55px !important;background: #0a0a0a url(https:\/\/info-prema.uqo.ca\/wp-content\/uploads\/2022\/10\/allaitement-alice-scaled-e1665155833296.jpg?id=11677) !important;background-position: center !important;background-repeat: no-repeat !important;background-size: cover !important;}&#8221;][vc_column][tw_heading heading_tag=&#8221;h2&#8243; title_animate=&#8221;&#8221; title=&#8221;Allaitement&#8221; subtitle=&#8221;&#8221; css=&#8221;.vc_custom_1616798938687{padding-top: 30px !important;background-position: center !important;background-repeat: no-repeat !important;background-size: cover !important;}&#8221;][\/tw_heading][\/vc_column][\/vc_row][vc_row tw_dimension_type=&#8221;custom-min-height&#8221; tw_dimension_height=&#8221;198&#8243; size=&#8221;uk-section-normal&#8221; uk_light=&#8221;true&#8221; large_screens=&#8221;true&#8221; desktop=&#8221;true&#8221; overlay=&#8221;0.3&#8243; css=&#8221;.vc_custom_1665155877834{margin-bottom: 45px !important;background: #0a0a0a url(https:\/\/info-prema.uqo.ca\/wp-content\/uploads\/2022\/10\/allaitement-alice-scaled-e1665155833296.jpg?id=11677) !important;background-position: center !important;background-repeat: no-repeat !important;background-size: cover !important;}&#8221;][vc_column][tw_heading heading_tag=&#8221;h2&#8243; title_animate=&#8221;&#8221; title=&#8221;Exp\u00e9rience des m\u00e8res qui allaitent&#8221; subtitle=&#8221;Allaitement&#8221; max_width=&#8221;title_full&#8221; css=&#8221;.vc_custom_1616799040344{padding-top: 15px !important;background-position: center !important;background-repeat: no-repeat !important;background-size: cover !important;}&#8221;][\/tw_heading][\/vc_column][\/vc_row][vc_row size=&#8221;uk-padding-remove-vertical&#8221; css=&#8221;.vc_custom_1616798953838{padding-bottom: 75px !important;}&#8221;][vc_column width=&#8221;1\/4&#8243;][vc_wp_custommenu title=&#8221;Sections&#8221; nav_menu=&#8221;116&#8243;][vc_row_inner size=&#8221;uk-section-xsmall&#8221; equal_height=&#8221;&#8221;][vc_column_inner][\/vc_column_inner][\/vc_row_inner][\/vc_column][vc_column width=&#8221;3\/4&#8243;][tw_heading title_animate=&#8221;true&#8221; title=&#8221;&#8221; subtitle=&#8221;Allaitement&#8221; title_align=&#8221;uk-text-left&#8221; max_width=&#8221;title_full&#8221;][\/tw_heading][tw_heading title_animate=&#8221;&#8221; title=&#8221;Exp\u00e9rience des m\u00e8res qui allaitent&#8221; subtitle=&#8221;&#8221; title_align=&#8221;uk-text-left&#8221; max_width=&#8221;title_full&#8221;]L\u2019allaitement est d\u00e9crit par les m\u00e8res comme un parcours avec plusieurs routes possibles. Il n\u00e9cessite un effort physique, un engagement continu, une capacit\u00e9 d\u2019adaptation et beaucoup de soutien. Les m\u00e8res vivent toutes sortes d\u2019\u00e9motions et elles sont toutes normales, en voici quelques exemples:[\/tw_heading][vc_accordion active_tab=&#8221;false&#8221; collapsible=&#8221;yes&#8221;][vc_accordion_tab title=&#8221;Anxi\u00e9t\u00e9&#8221;][tw_text]Lors de l\u2019hospitalisation en n\u00e9onatologie, les m\u00e8res vivent de l\u2019anxi\u00e9t\u00e9 concernant la sant\u00e9 de leur b\u00e9b\u00e9 et l&#8217;environnement stressant de la n\u00e9onatologie. Cette anxi\u00e9t\u00e9 peut diminuer la production de lait, ce qui cause encore plus d\u2019anxi\u00e9t\u00e9 lorsque la m\u00e8re souhaite allaiter et ne r\u00e9ussit pas \u00e0 produire assez de lait. Les complications de l\u2019allaitement causent aussi de l\u2019anxi\u00e9t\u00e9 et du stress.[\/tw_text][\/vc_accordion_tab][vc_accordion_tab title=&#8221;Sentiment d\u2019\u00e9chec&#8221;][tw_text]Allaiter comporte plusieurs \u00e9tapes exigeantes et nouvelles. Lorsque l\u2019allaitement ne se d\u00e9roule pas comme pr\u00e9vu, ceci peut mener \u00e0 un sentiment d\u2019\u00e9chec. Avoir besoin d&#8217;exprimer son lait ou d\u2019utiliser des dispositifs d\u2019aide \u00e0 l\u2019allaitement, comme la t\u00e9terelle, peut faire en sorte que le m\u00e8re se sente incomp\u00e9tente et incapable.[\/tw_text][\/vc_accordion_tab][vc_accordion_tab title=&#8221;Frustration&#8221;][tw_text]La production insuffisante de lait et les complications de l\u2019allaitement, malgr\u00e9 les efforts de la m\u00e8re, peuvent causer un sentiment de frustration. Plusieurs m\u00e8res d\u00e9crivent l\u2019expression du lait comme une \u00e9tape frustrante et difficile.[\/tw_text][\/vc_accordion_tab][vc_accordion_tab title=&#8221;D\u00e9gout de son corps&#8221;][tw_text]L\u2019allaitement am\u00e8ne des changements de l\u2019image corporelle, surtout au niveau des seins. Certaines femmes n\u2019aiment plus leur apparence apr\u00e8s l\u2019allaitement. D\u2019autres femmes se sentent \u201ccomme des vaches\u201d en allaitant et n\u2019aiment pas cette sensation pour leur corps.[\/tw_text][\/vc_accordion_tab][vc_accordion_tab title=&#8221;Tristesse&#8221;][tw_text]Lorsque l\u2019allaitement ne se d\u00e9roule pas comme pr\u00e9vu, les m\u00e8res qui ne parviennent pas \u00e0 accepter cette situation peuvent ressentir de la tristesse.[\/tw_text][\/vc_accordion_tab][vc_accordion_tab title=&#8221;Isolement&#8221;][tw_text]\u00catre la seule personne qui peut allaiter est une grande responsabilit\u00e9 qui peut mener \u00e0 un sentiment d\u2019isolement. \u00c9tant donn\u00e9 qu\u2019il faut \u00eatre constamment au chevet du b\u00e9b\u00e9 pour faire les mises en sein, les m\u00e8res se sentent isol\u00e9es et comme si elles ne faisaient plus partie du monde qui les entoure puisque l\u2019allaitement prend la grande majorit\u00e9 de leur temps.[\/tw_text][\/vc_accordion_tab][vc_accordion_tab title=&#8221;Culpabilit\u00e9&#8221;][tw_text]Lorsque l\u2019allaitement ne fonctionne pas comme pr\u00e9vu, les m\u00e8res peuvent se sentir coupables. Bien qu\u2019elles savent qu\u2019elles ont mis tous les efforts n\u00e9cessaires \u00e0 la r\u00e9ussite de l\u2019allaitement, elles se sentent coupables de ne pas pouvoir subvenir aux besoins de leur b\u00e9b\u00e9.[\/tw_text][\/vc_accordion_tab][vc_accordion_tab title=&#8221;\u00c9puisement.&#8221;][tw_text]La routine d\u2019allaitement et d\u2019expression du lait est exigeante en termes d\u2019\u00e9nergie, d\u2019\u00e9motions et de temps. \u00catre la seule personne qui peut allaiter et qui doit donc \u00eatre au chevet de son b\u00e9b\u00e9 est une grande responsabilit\u00e9 qui peut mener \u00e0 de l\u2019\u00e9puisement. Les m\u00e8res se disent \u00e9puis\u00e9es par ce parcours impr\u00e9visible.[\/tw_text][\/vc_accordion_tab][vc_accordion_tab title=&#8221;Empowerment&#8221;][tw_text]Lorsque l\u2019expression du lait et l\u2019allaitement sont r\u00e9ussi, ceci peut permettre aux m\u00e8res de se sentir connect\u00e9es \u00e0 leur b\u00e9b\u00e9 et de ressentir de l\u2019<em>empowerment<\/em> dans leur r\u00f4le de parent .[\/tw_text][\/vc_accordion_tab][vc_accordion_tab title=&#8221;Satisfaction&#8221;][tw_text]La r\u00e9ussite de l\u2019allaitement peut cr\u00e9er un sentiment de satisfaction chez les m\u00e8res qui se sentent capables de nourrir et prot\u00e9ger leur b\u00e9b\u00e9.[\/tw_text][\/vc_accordion_tab][vc_accordion_tab title=&#8221;Confiance en soi&#8221;][tw_text]Le parcours de l\u2019allaitement qui m\u00e8ne \u00e0 un allaitement r\u00e9ussi peut donner de la confiance aux m\u00e8res. Elles peuvent se sentir comme une meilleure m\u00e8re, capable de subvenir aux besoins de son b\u00e9b\u00e9.[\/tw_text][\/vc_accordion_tab][vc_accordion_tab title=&#8221;Sentiment d\u2019unit\u00e9 avec son enfant&#8221;][tw_text]L\u2019allaitement cr\u00e9e un lien d\u2019attachement entre la m\u00e8re et le b\u00e9b\u00e9, ce qui leur fournit un sentiment d\u2019unit\u00e9 et de proximit\u00e9 \u00e9motionnelle. Les m\u00e8res sont souvent reconnaissantes d\u2019avoir la chance de cr\u00e9er cette relation intime avec leur b\u00e9b\u00e9.[\/tw_text][\/vc_accordion_tab][vc_accordion_tab title=&#8221;Harmonie&#8221;][tw_text]Lorsque l\u2019allaitement se d\u00e9roule bien, il peut procurer un sentiment d\u2019harmonie chez les m\u00e8res. Ce moment devient reposant, calme et relaxant, puis procure un sentiment de bien-\u00eatre et de s\u00e9curit\u00e9.[\/tw_text][\/vc_accordion_tab][vc_accordion_tab title=&#8221;Fiert\u00e9&#8221;][tw_text]Lorsque l\u2019allaitement se d\u00e9roule bien et sans douleur, il peut procurer un sentiment de fiert\u00e9 pour les m\u00e8res. Lorsqu\u2019elles parviennent finalement \u00e0 allaiter exclusivement au sein sans avoir \u00e0 exprimer leur lait, les m\u00e8res peuvent se sentir fi\u00e8res de cet accomplissement. R\u00e9ussir \u00e0 traverser les difficult\u00e9s et complications augmente ce sentiment de fiert\u00e9 lorsque l\u2019allaitement est finalement bien install\u00e9.[\/tw_text][\/vc_accordion_tab][\/vc_accordion][vc_row_inner equal_height=&#8221;&#8221; large_screens=&#8221;true&#8221; desktop=&#8221;true&#8221;][vc_column_inner][tw_text]<\/p>\n<p style=\"text-align: right;\">[tw_button link=&#8221;https:\/\/info-prema.uqo.ca\/?page_id=10669&#8243;\u00a0 size=&#8221;small&#8221; style=&#8221;border uk-button-radius&#8221; hover=&#8221;dark-hover&#8221; icon_class=&#8221;ion-ios-arrow-thin-right&#8221; margin=&#8221;0,0,0,0&#8243; animate_icon=&#8221;true&#8221;]Banque de lait humain[\/tw_button]<\/p>\n<p>[\/tw_text][\/vc_column_inner][\/vc_row_inner][\/vc_column][\/vc_row]<\/p>\n<\/div>","protected":false},"excerpt":{"rendered":"<p>[vc_row tw_dimension_type=&#8221;custom-min-height&#8221; tw_dimension_height=&#8221;300&#8243; size=&#8221;uk-section-normal&#8221; uk_light=&#8221;true&#8221; tablet=&#8221;true&#8221; mobile=&#8221;true&#8221; overlay=&#8221;0.3&#8243; css=&#8221;.vc_custom_1665155845067{margin-bottom: 55px !important;background: #0a0a0a url(https:\/\/info-prema.uqo.ca\/wp-content\/uploads\/2022\/10\/allaitement-alice-scaled-e1665155833296.jpg?id=11677) !important;background-position: center !important;background-repeat: no-repeat !important;background-size: cover !important;}&#8221;][vc_column][tw_heading heading_tag=&#8221;h2&#8243; title_animate=&#8221;&#8221; title=&#8221;Allaitement&#8221; subtitle=&#8221;&#8221; css=&#8221;.vc_custom_1616798938687{padding-top: 30px !important;background-position: center !important;background-repeat: no-repeat !important;background-size: cover !important;}&#8221;][\/tw_heading][\/vc_column][\/vc_row][vc_row tw_dimension_type=&#8221;custom-min-height&#8221; tw_dimension_height=&#8221;198&#8243; size=&#8221;uk-section-normal&#8221; uk_light=&#8221;true&#8221; large_screens=&#8221;true&#8221; desktop=&#8221;true&#8221; overlay=&#8221;0.3&#8243; css=&#8221;.vc_custom_1665155877834{margin-bottom: 45px !important;background: #0a0a0a url(https:\/\/info-prema.uqo.ca\/wp-content\/uploads\/2022\/10\/allaitement-alice-scaled-e1665155833296.jpg?id=11677) !important;background-position: center !important;background-repeat: no-repeat !important;background-size: cover !important;}&#8221;][vc_column][tw_heading heading_tag=&#8221;h2&#8243; title_animate=&#8221;&#8221; title=&#8221;Exp\u00e9rience [&hellip;]<\/p>\n","protected":false},"author":1,"featured_media":0,"parent":0,"menu_order":0,"comment_status":"closed","ping_status":"closed","template":"","meta":{"footnotes":""},"class_list":["post-10166","page","type-page","status-publish","hentry"],"_links":{"self":[{"href":"https:\/\/info-prema.uqo.ca\/index.php?rest_route=\/wp\/v2\/pages\/10166","targetHints":{"allow":["GET"]}}],"collection":[{"href":"https:\/\/info-prema.uqo.ca\/index.php?rest_route=\/wp\/v2\/pages"}],"about":[{"href":"https:\/\/info-prema.uqo.ca\/index.php?rest_route=\/wp\/v2\/types\/page"}],"author":[{"embeddable":true,"href":"https:\/\/info-prema.uqo.ca\/index.php?rest_route=\/wp\/v2\/users\/1"}],"replies":[{"embeddable":true,"href":"https:\/\/info-prema.uqo.ca\/index.php?rest_route=%2Fwp%2Fv2%2Fcomments&post=10166"}],"version-history":[{"count":35,"href":"https:\/\/info-prema.uqo.ca\/index.php?rest_route=\/wp\/v2\/pages\/10166\/revisions"}],"predecessor-version":[{"id":11713,"href":"https:\/\/info-prema.uqo.ca\/index.php?rest_route=\/wp\/v2\/pages\/10166\/revisions\/11713"}],"wp:attachment":[{"href":"https:\/\/info-prema.uqo.ca\/index.php?rest_route=%2Fwp%2Fv2%2Fmedia&parent=10166"}],"curies":[{"name":"wp","href":"https:\/\/api.w.org\/{rel}","templated":true}]}}