{"id":10316,"date":"2021-03-01T22:41:11","date_gmt":"2021-03-02T03:41:11","guid":{"rendered":"https:\/\/info-prema.uqo.ca\/?page_id=10316"},"modified":"2021-03-26T18:29:04","modified_gmt":"2021-03-26T23:29:04","slug":"lallaitement-2-5-2-2","status":"publish","type":"page","link":"https:\/\/info-prema.uqo.ca\/?page_id=10316","title":{"rendered":"Soutien externe"},"content":{"rendered":"<div class=\"wpb-content-wrapper\"><p>[vc_row tw_dimension_type=&#8221;custom-min-height&#8221; tw_dimension_height=&#8221;300&#8243; size=&#8221;uk-section-normal&#8221; uk_light=&#8221;true&#8221; tablet=&#8221;true&#8221; mobile=&#8221;true&#8221; overlay=&#8221;0.3&#8243; css=&#8221;.vc_custom_1616801178879{margin-bottom: 55px !important;background: #0a0a0a url(https:\/\/info-prema.uqo.ca\/wp-content\/uploads\/2021\/03\/planification_conge.jpg?id=11159) !important;background-position: center !important;background-repeat: no-repeat !important;background-size: cover !important;}&#8221;][vc_column][tw_heading heading_tag=&#8221;h2&#8243; title_animate=&#8221;&#8221; title=&#8221;Planification du cong\u00e9&#8221; subtitle=&#8221;&#8221; max_width=&#8221;title_full&#8221; css=&#8221;.vc_custom_1616801230700{padding-top: 30px !important;background-position: center !important;background-repeat: no-repeat !important;background-size: cover !important;}&#8221;][\/tw_heading][\/vc_column][\/vc_row][vc_row tw_dimension_type=&#8221;custom-min-height&#8221; tw_dimension_height=&#8221;200&#8243; size=&#8221;uk-section-normal&#8221; uk_light=&#8221;true&#8221; large_screens=&#8221;true&#8221; desktop=&#8221;true&#8221; overlay=&#8221;0.3&#8243; css=&#8221;.vc_custom_1616801299332{margin-bottom: 45px !important;background: #0a0a0a url(https:\/\/info-prema.uqo.ca\/wp-content\/uploads\/2021\/03\/planification_conge.jpg?id=11159) !important;background-position: center !important;background-repeat: no-repeat !important;background-size: cover !important;}&#8221;][vc_column][tw_heading heading_tag=&#8221;h2&#8243; title_animate=&#8221;&#8221; title=&#8221;Soutien externe&#8221; subtitle=&#8221;Planification du cong\u00e9&#8221; max_width=&#8221;title_full&#8221; css=&#8221;.vc_custom_1616801325333{padding-top: 15px !important;background-position: center !important;background-repeat: no-repeat !important;background-size: cover !important;}&#8221;][\/tw_heading][\/vc_column][\/vc_row][vc_row size=&#8221;uk-padding-remove-vertical&#8221; css=&#8221;.vc_custom_1616801201571{padding-bottom: 75px !important;}&#8221;][vc_column width=&#8221;1\/4&#8243;][vc_wp_custommenu title=&#8221;Sections&#8221; nav_menu=&#8221;118&#8243;][vc_row_inner size=&#8221;uk-padding-remove-vertical&#8221; equal_height=&#8221;&#8221;][vc_column_inner][\/vc_column_inner][\/vc_row_inner][\/vc_column][vc_column width=&#8221;3\/4&#8243;][tw_heading title_animate=&#8221;true&#8221; title=&#8221;&#8221; subtitle=&#8221;Planification du cong\u00e9&#8221; title_align=&#8221;uk-text-left&#8221; max_width=&#8221;title_full&#8221;][\/tw_heading][tw_heading title_animate=&#8221;&#8221; title=&#8221;Soutien externe&#8221; subtitle=&#8221;&#8221; title_align=&#8221;uk-text-left&#8221; max_width=&#8221;title_full&#8221;][\/tw_heading][tw_text]<strong>Financier<\/strong>. Pour connaitre les sources de soutien financier qui sont disponibles, consultez le site de <a href=\"http:\/\/www.premaquebec.ca\/fr\/services\/soutien-financier\/\" target=\"_blank\" rel=\"noopener\">Pr\u00e9ma-Qu\u00e9bec<\/a> et la section &#8220;Futurs et nouveaux parents&#8221; sur le <a href=\"https:\/\/www.quebec.ca\/famille-et-soutien-aux-personnes\/grossesse-et-parentalite\/parent\/\" target=\"_blank\" rel=\"noopener\">Site officiel du gouvernement du Qu\u00e9bec<\/a>.<\/p>\n<p><strong>Communautaire<\/strong>. Pour conna\u00eetre les ressources communautaires disponibles dans votre r\u00e9gion, contactez votre CLSC local. Vous pouvez trouver votre CLSC en consultant le <a href=\"https:\/\/www.indexsante.ca\/clsc\/\" target=\"_blank\" rel=\"noopener\">R\u00e9pertoire sant\u00e9 du Qu\u00e9bec<\/a>.<\/p>\n<p><strong>Sant\u00e9 mentale des parents<\/strong>. L\u2019hospitalisation en n\u00e9onatalogie et la p\u00e9riode d\u2019adaptation du b\u00e9b\u00e9 pr\u00e9matur\u00e9 \u00e0 la maison est une source de stress. Les parents doivent trouver des strat\u00e9gies efficaces pour r\u00e9duire ce stress et cr\u00e9er un lien d\u2019attachement optimal avec leur b\u00e9b\u00e9. Voici quelques ressources pour vous soutenir :<\/p>\n<ul>\n<li>Ligne Parents \u2013 Soutien professionnel gratuit 24h\/24 7 jours sur 7\u00a0: 1-800-361-5085<\/li>\n<li><a href=\"http:\/\/www.quebecfamille.org\/reconcilions-famille-et-travail\/repertoire-des-organismes-de-soutien-a-la-famille.aspx\" target=\"_blank\" rel=\"noopener\">R\u00e9pertoire des organismes de soutien \u00e0 la famille<\/a><\/li>\n<li>Premi\u00e8re ressource &#8211; Aide aux parents \u2013 Service gratuit de consultation professionnelles\u00a0:\u00a0 1-866-329-4223<\/li>\n<\/ul>\n<p><strong>Cours de secourisme<\/strong>. Si vous souhaitez prendre un cours de secourisme et de RCR pour les enfants\/b\u00e9b\u00e9s, ceux-ci sont offerts par plusieurs organismes dans toutes les r\u00e9gions du Qu\u00e9bec. Pour consulter les cours offerts par la <a href=\"https:\/\/www.croixrouge.ca\/cours-et-certificats\/description-de-cours\/description-des-cours-de-secourisme-a-la-maison\/secourisme-d-urgence-et-rcr-%E2%80%92-soins-aux-enfants\" target=\"_blank\" rel=\"noopener\">Croix-Rouge Canadienne<\/a>, consultez leur site.[\/tw_text][\/vc_column][\/vc_row]<\/p>\n<\/div>","protected":false},"excerpt":{"rendered":"<p>[vc_row tw_dimension_type=&#8221;custom-min-height&#8221; tw_dimension_height=&#8221;300&#8243; size=&#8221;uk-section-normal&#8221; uk_light=&#8221;true&#8221; tablet=&#8221;true&#8221; mobile=&#8221;true&#8221; overlay=&#8221;0.3&#8243; css=&#8221;.vc_custom_1616801178879{margin-bottom: 55px !important;background: #0a0a0a url(https:\/\/info-prema.uqo.ca\/wp-content\/uploads\/2021\/03\/planification_conge.jpg?id=11159) !important;background-position: center !important;background-repeat: no-repeat !important;background-size: cover !important;}&#8221;][vc_column][tw_heading heading_tag=&#8221;h2&#8243; title_animate=&#8221;&#8221; title=&#8221;Planification du cong\u00e9&#8221; subtitle=&#8221;&#8221; max_width=&#8221;title_full&#8221; css=&#8221;.vc_custom_1616801230700{padding-top: 30px !important;background-position: center !important;background-repeat: no-repeat !important;background-size: cover !important;}&#8221;][\/tw_heading][\/vc_column][\/vc_row][vc_row tw_dimension_type=&#8221;custom-min-height&#8221; tw_dimension_height=&#8221;200&#8243; size=&#8221;uk-section-normal&#8221; uk_light=&#8221;true&#8221; large_screens=&#8221;true&#8221; desktop=&#8221;true&#8221; overlay=&#8221;0.3&#8243; css=&#8221;.vc_custom_1616801299332{margin-bottom: 45px !important;background: #0a0a0a url(https:\/\/info-prema.uqo.ca\/wp-content\/uploads\/2021\/03\/planification_conge.jpg?id=11159) !important;background-position: center !important;background-repeat: no-repeat !important;background-size: cover !important;}&#8221;][vc_column][tw_heading [&hellip;]<\/p>\n","protected":false},"author":1,"featured_media":0,"parent":0,"menu_order":0,"comment_status":"closed","ping_status":"closed","template":"","meta":{"footnotes":""},"class_list":["post-10316","page","type-page","status-publish","hentry"],"_links":{"self":[{"href":"https:\/\/info-prema.uqo.ca\/index.php?rest_route=\/wp\/v2\/pages\/10316","targetHints":{"allow":["GET"]}}],"collection":[{"href":"https:\/\/info-prema.uqo.ca\/index.php?rest_route=\/wp\/v2\/pages"}],"about":[{"href":"https:\/\/info-prema.uqo.ca\/index.php?rest_route=\/wp\/v2\/types\/page"}],"author":[{"embeddable":true,"href":"https:\/\/info-prema.uqo.ca\/index.php?rest_route=\/wp\/v2\/users\/1"}],"replies":[{"embeddable":true,"href":"https:\/\/info-prema.uqo.ca\/index.php?rest_route=%2Fwp%2Fv2%2Fcomments&post=10316"}],"version-history":[{"count":8,"href":"https:\/\/info-prema.uqo.ca\/index.php?rest_route=\/wp\/v2\/pages\/10316\/revisions"}],"predecessor-version":[{"id":11417,"href":"https:\/\/info-prema.uqo.ca\/index.php?rest_route=\/wp\/v2\/pages\/10316\/revisions\/11417"}],"wp:attachment":[{"href":"https:\/\/info-prema.uqo.ca\/index.php?rest_route=%2Fwp%2Fv2%2Fmedia&parent=10316"}],"curies":[{"name":"wp","href":"https:\/\/api.w.org\/{rel}","templated":true}]}}