{"id":10591,"date":"2021-03-06T17:46:17","date_gmt":"2021-03-06T22:46:17","guid":{"rendered":"https:\/\/info-prema.uqo.ca\/?page_id=10591"},"modified":"2022-10-07T08:31:41","modified_gmt":"2022-10-07T13:31:41","slug":"lallaitement-2-2-3-3-2-2","status":"publish","type":"page","link":"https:\/\/info-prema.uqo.ca\/?page_id=10591","title":{"rendered":"N\u00e9s entre 30 et 34 semaines"},"content":{"rendered":"<div class=\"wpb-content-wrapper\"><p>[vc_row tw_dimension_type=&#8221;custom-min-height&#8221; tw_dimension_height=&#8221;300&#8243; size=&#8221;uk-section-normal&#8221; uk_light=&#8221;true&#8221; tablet=&#8221;true&#8221; mobile=&#8221;true&#8221; overlay=&#8221;0.3&#8243; css=&#8221;.vc_custom_1616806594599{margin-bottom: 55px !important;background: #0a0a0a url(https:\/\/info-prema.uqo.ca\/wp-content\/uploads\/2021\/03\/complications-2.jpg?id=11189) !important;background-position: center !important;background-repeat: no-repeat !important;background-size: cover !important;}&#8221;][vc_column][tw_heading heading_tag=&#8221;h2&#8243; title_animate=&#8221;&#8221; title=&#8221;N\u00e9s entre 30 et 34 semaines&#8221; subtitle=&#8221;Complications possibles de la pr\u00e9maturit\u00e9&#8221; max_width=&#8221;title_full&#8221; css=&#8221;.vc_custom_1616722322210{background-position: center !important;background-repeat: no-repeat !important;background-size: cover !important;}&#8221;][\/tw_heading][\/vc_column][\/vc_row][vc_row tw_dimension_type=&#8221;custom-min-height&#8221; tw_dimension_height=&#8221;200&#8243; size=&#8221;uk-section-normal&#8221; uk_light=&#8221;true&#8221; large_screens=&#8221;true&#8221; desktop=&#8221;true&#8221; overlay=&#8221;0.3&#8243; css=&#8221;.vc_custom_1616806630553{margin-bottom: 45px !important;background: #0a0a0a url(https:\/\/info-prema.uqo.ca\/wp-content\/uploads\/2021\/03\/complications-2.jpg?id=11189) !important;background-position: center !important;background-repeat: no-repeat !important;background-size: cover !important;}&#8221;][vc_column][tw_heading heading_tag=&#8221;h2&#8243; title_animate=&#8221;&#8221; title=&#8221;N\u00e9s entre 30 et 34 semaines&#8221; subtitle=&#8221;Complications possibles de la pr\u00e9maturit\u00e9&#8221; max_width=&#8221;title_full&#8221; css=&#8221;.vc_custom_1616722322210{background-position: center !important;background-repeat: no-repeat !important;background-size: cover !important;}&#8221;][\/tw_heading][\/vc_column][\/vc_row][vc_row size=&#8221;uk-padding-remove-vertical&#8221; gutter=&#8221;uk-grid-collapse&#8221;][vc_column width=&#8221;1\/4&#8243;][vc_wp_custommenu title=&#8221;Sections&#8221; nav_menu=&#8221;119&#8243;][vc_row_inner size=&#8221;uk-section-xsmall&#8221; equal_height=&#8221;&#8221;][vc_column_inner][\/vc_column_inner][\/vc_row_inner][\/vc_column][vc_column width=&#8221;3\/4&#8243;][tw_heading title_animate=&#8221;&#8221; title=&#8221;n\u00e9s entre 30 et 34 semaines (grand pr\u00e9matur\u00e9 et pr\u00e9matur\u00e9)&#8221; subtitle=&#8221;Complications les plus fr\u00e9quentes pour les b\u00e9b\u00e9s&#8221; title_align=&#8221;uk-text-left&#8221; max_width=&#8221;title_large&#8221;][\/tw_heading][vc_row_inner][vc_column_inner width=&#8221;1\/3&#8243;][tw_chart_circle pie_title=&#8221;&#8221; pie_percent=&#8221;95&#8243; pie_track_width=&#8221;4&#8243; pie_bar_color=&#8221;#1e73be&#8221;][tw_text]<\/p>\n<p style=\"text-align: center;\">Des b\u00e9b\u00e9s n\u00e9s entre 32 et 34 semaines grandiront sans complication neurologique majeure.<\/p>\n<p>&nbsp;[\/tw_text][\/vc_column_inner][vc_column_inner width=&#8221;1\/3&#8243;][tw_chart_circle pie_title=&#8221;&#8221; pie_percent=&#8221;28&#8243; pie_track_width=&#8221;4&#8243; pie_bar_color=&#8221;#1e73be&#8221;][tw_text]<\/p>\n<p style=\"text-align: center;\">De ces b\u00e9b\u00e9s auront des difficult\u00e9s respiratoires importantes.<\/p>\n<p>[\/tw_text][\/vc_column_inner][vc_column_inner width=&#8221;1\/3&#8243;][tw_chart_circle pie_title=&#8221;&#8221; pie_percent=&#8221;16&#8243; pie_track_width=&#8221;4&#8243; pie_bar_color=&#8221;#1e73be&#8221;][tw_text]<\/p>\n<p style=\"text-align: center;\">De ces b\u00e9b\u00e9s auront des \u00e9pisodes d\u2019hypoglyc\u00e9mie.<\/p>\n<p>[\/tw_text][\/vc_column_inner][\/vc_row_inner][\/vc_column][\/vc_row][vc_row size=&#8221;uk-padding-remove-vertical&#8221;][vc_column width=&#8221;1\/4&#8243;][\/vc_column][vc_column width=&#8221;1\/4&#8243;][tw_chart_circle pie_title=&#8221;&#8221; pie_percent=&#8221;15&#8243; pie_track_width=&#8221;4&#8243; pie_bar_color=&#8221;#1e73be&#8221;][tw_text]<\/p>\n<p style=\"text-align: center;\">De ces b\u00e9b\u00e9s d\u00e9velopperont une infection bact\u00e9rienne.<\/p>\n<p>[\/tw_text][\/vc_column][vc_column width=&#8221;1\/4&#8243;][tw_chart_circle pie_title=&#8221;&#8221; pie_percent=&#8221;59&#8243; pie_track_width=&#8221;4&#8243; pie_bar_color=&#8221;#1e73be&#8221;][tw_text]<\/p>\n<p style=\"text-align: center;\">De ces b\u00e9b\u00e9s d\u00e9velopperont l\u2019ict\u00e8re (jaunisse).<\/p>\n<p>[\/tw_text][\/vc_column][vc_column width=&#8221;1\/4&#8243;][tw_chart_circle pie_title=&#8221;&#8221; pie_percent=&#8221;0&#8243; pie_track_width=&#8221;4&#8243; pie_bar_color=&#8221;#1e73be&#8221; icon=&#8221;openiconic&#8221; openiconic=&#8221;vc-oi vc-oi-eye&#8221;][tw_text]<\/p>\n<p style=\"text-align: center;\">\u00c0 plus long terme, les b\u00e9b\u00e9s n\u00e9s avec un poids entre 1500g et 2500g sont plus \u00e0 risque de d\u00e9velopper des d\u00e9ficiences intellectuelles, de l\u2019asthme, de l\u2019hypertension art\u00e9rielle et des troubles d\u2019apprentissage ou de l\u2019attention.<\/p>\n<p>&nbsp;[\/tw_text][\/vc_column][\/vc_row][vc_row size=&#8221;uk-padding-remove-vertical&#8221; css=&#8221;.vc_custom_1615071958575{padding-bottom: 75px !important;}&#8221;][vc_column width=&#8221;1\/4&#8243;][\/vc_column][vc_column width=&#8221;1\/4&#8243;][tw_chart_circle pie_title=&#8221;&#8221; pie_percent=&#8221;0&#8243; pie_track_width=&#8221;4&#8243; pie_bar_color=&#8221;#1e73be&#8221; icon=&#8221;eticons&#8221; eticons=&#8221;et-profile-male&#8221;][tw_text]<\/p>\n<p style=\"text-align: center;\">Les b\u00e9b\u00e9s n\u00e9s entre 32 et 34 semaines sont plus \u00e0 risque d\u2019avoir des capacit\u00e9s cognitives (du cerveau) affaiblies \u00e0 l\u2019\u00e2ge scolaire que les b\u00e9b\u00e9s n\u00e9s \u00e0 terme.<\/p>\n<p>[\/tw_text][\/vc_column][vc_column width=&#8221;1\/4&#8243;][tw_chart_circle pie_title=&#8221;&#8221; pie_percent=&#8221;0&#8243; pie_track_width=&#8221;4&#8243; pie_bar_color=&#8221;#1e73be&#8221; icon=&#8221;eticons&#8221; eticons=&#8221;et-puzzle&#8221;][tw_text]<\/p>\n<p style=\"text-align: center;\">Les b\u00e9b\u00e9s n\u00e9s entre 32 et 36 semaines sont plus \u00e0 risque de d\u00e9velopper des troubles du spectre de l\u2019autisme que les enfants n\u00e9s \u00e0 terme.<\/p>\n<p>[\/tw_text][\/vc_column][vc_column width=&#8221;1\/4&#8243;][\/vc_column][\/vc_row][vc_row size=&#8221;uk-section-xsmall&#8221; large_screens=&#8221;true&#8221; desktop=&#8221;true&#8221; css=&#8221;.vc_custom_1616811541983{margin-bottom: 55px !important;}&#8221;][vc_column width=&#8221;1\/4&#8243;][\/vc_column][vc_column width=&#8221;3\/4&#8243;][tw_text]<\/p>\n<p style=\"text-align: right;\">[tw_button link=&#8221;https:\/\/info-prema.uqo.ca\/?page_id=10580&#8243;\u00a0 size=&#8221;small&#8221; style=&#8221;border uk-button-radius&#8221; hover=&#8221;dark-hover&#8221; icon_class=&#8221;ion-ios-arrow-thin-right&#8221; margin=&#8221;0,0,0,0&#8243; animate_icon=&#8221;true&#8221;]Moins de 1000g[\/tw_button]<\/p>\n<p>[\/tw_text][\/vc_column][\/vc_row]<\/p>\n<\/div>","protected":false},"excerpt":{"rendered":"<p>[vc_row tw_dimension_type=&#8221;custom-min-height&#8221; tw_dimension_height=&#8221;300&#8243; size=&#8221;uk-section-normal&#8221; uk_light=&#8221;true&#8221; tablet=&#8221;true&#8221; mobile=&#8221;true&#8221; overlay=&#8221;0.3&#8243; css=&#8221;.vc_custom_1616806594599{margin-bottom: 55px !important;background: #0a0a0a url(https:\/\/info-prema.uqo.ca\/wp-content\/uploads\/2021\/03\/complications-2.jpg?id=11189) !important;background-position: center !important;background-repeat: no-repeat !important;background-size: cover !important;}&#8221;][vc_column][tw_heading heading_tag=&#8221;h2&#8243; title_animate=&#8221;&#8221; title=&#8221;N\u00e9s entre 30 et 34 semaines&#8221; subtitle=&#8221;Complications possibles de la pr\u00e9maturit\u00e9&#8221; max_width=&#8221;title_full&#8221; css=&#8221;.vc_custom_1616722322210{background-position: center !important;background-repeat: no-repeat !important;background-size: cover !important;}&#8221;][\/tw_heading][\/vc_column][\/vc_row][vc_row tw_dimension_type=&#8221;custom-min-height&#8221; tw_dimension_height=&#8221;200&#8243; size=&#8221;uk-section-normal&#8221; uk_light=&#8221;true&#8221; large_screens=&#8221;true&#8221; desktop=&#8221;true&#8221; overlay=&#8221;0.3&#8243; css=&#8221;.vc_custom_1616806630553{margin-bottom: 45px !important;background: #0a0a0a url(https:\/\/info-prema.uqo.ca\/wp-content\/uploads\/2021\/03\/complications-2.jpg?id=11189) !important;background-position: center [&hellip;]<\/p>\n","protected":false},"author":1,"featured_media":0,"parent":0,"menu_order":0,"comment_status":"closed","ping_status":"closed","template":"","meta":{"footnotes":""},"class_list":["post-10591","page","type-page","status-publish","hentry"],"_links":{"self":[{"href":"https:\/\/info-prema.uqo.ca\/index.php?rest_route=\/wp\/v2\/pages\/10591","targetHints":{"allow":["GET"]}}],"collection":[{"href":"https:\/\/info-prema.uqo.ca\/index.php?rest_route=\/wp\/v2\/pages"}],"about":[{"href":"https:\/\/info-prema.uqo.ca\/index.php?rest_route=\/wp\/v2\/types\/page"}],"author":[{"embeddable":true,"href":"https:\/\/info-prema.uqo.ca\/index.php?rest_route=\/wp\/v2\/users\/1"}],"replies":[{"embeddable":true,"href":"https:\/\/info-prema.uqo.ca\/index.php?rest_route=%2Fwp%2Fv2%2Fcomments&post=10591"}],"version-history":[{"count":25,"href":"https:\/\/info-prema.uqo.ca\/index.php?rest_route=\/wp\/v2\/pages\/10591\/revisions"}],"predecessor-version":[{"id":11623,"href":"https:\/\/info-prema.uqo.ca\/index.php?rest_route=\/wp\/v2\/pages\/10591\/revisions\/11623"}],"wp:attachment":[{"href":"https:\/\/info-prema.uqo.ca\/index.php?rest_route=%2Fwp%2Fv2%2Fmedia&parent=10591"}],"curies":[{"name":"wp","href":"https:\/\/api.w.org\/{rel}","templated":true}]}}