{"id":10620,"date":"2021-03-06T20:05:27","date_gmt":"2021-03-07T01:05:27","guid":{"rendered":"https:\/\/info-prema.uqo.ca\/?page_id=10620"},"modified":"2021-03-26T19:44:31","modified_gmt":"2021-03-27T00:44:31","slug":"interpretation-comportement-2","status":"publish","type":"page","link":"https:\/\/info-prema.uqo.ca\/?page_id=10620","title":{"rendered":"Lexique"},"content":{"rendered":"<div class=\"wpb-content-wrapper\"><p>[vc_row tw_dimension_type=&#8221;custom-min-height&#8221; tw_dimension_height=&#8221;300&#8243; size=&#8221;uk-section-normal&#8221; tablet=&#8221;true&#8221; mobile=&#8221;true&#8221; css=&#8221;.vc_custom_1616805838478{margin-bottom: 55px !important;background: #0a0a0a url(https:\/\/info-prema.uqo.ca\/wp-content\/uploads\/2017\/08\/computer-1149148_1920.jpg?id=9300) !important;background-position: center !important;background-repeat: no-repeat !important;background-size: cover !important;}&#8221;][vc_column][tw_heading heading_tag=&#8221;h2&#8243; title_animate=&#8221;&#8221; title=&#8221;Lexique&#8221; subtitle=&#8221;&#8221; max_width=&#8221;title_full&#8221; uk_light=&#8221;true&#8221; css=&#8221;.vc_custom_1616805740987{padding-top: 30px !important;}&#8221;][\/tw_heading][\/vc_column][\/vc_row][vc_row tw_dimension_type=&#8221;custom-min-height&#8221; tw_dimension_height=&#8221;200&#8243; size=&#8221;uk-section-normal&#8221; large_screens=&#8221;true&#8221; desktop=&#8221;true&#8221; overlay=&#8221;0.3&#8243; css=&#8221;.vc_custom_1616805868121{margin-bottom: 45px !important;background: #0a0a0a url(https:\/\/info-prema.uqo.ca\/wp-content\/uploads\/2017\/08\/computer-1149148_1920.jpg?id=9300) !important;background-position: center !important;background-repeat: no-repeat !important;background-size: cover !important;}&#8221;][vc_column][tw_heading heading_tag=&#8221;h2&#8243; title_animate=&#8221;&#8221; title=&#8221;Lexique&#8221; subtitle=&#8221;&#8221; max_width=&#8221;title_full&#8221; uk_light=&#8221;true&#8221; css=&#8221;.vc_custom_1616805740987{padding-top: 30px !important;}&#8221;][\/tw_heading][\/vc_column][\/vc_row][vc_row size=&#8221;uk-padding-remove-vertical&#8221;][vc_column][tw_heading title_animate=&#8221;&#8221; title=&#8221;Lexique des termes les plus utilis\u00e9s en n\u00e9onatologie&#8221; subtitle=&#8221;&#8221; title_align=&#8221;uk-text-left&#8221; max_width=&#8221;title_full&#8221;][\/tw_heading][tw_text]<i class=\"el-icon-document\"><\/i><div id=\"footable_parent_10625\"\n         class=\" footable_parent ninja_table_wrapper loading_ninja_table wp_table_data_press_parent semantic_ui \">\n                <table data-ninja_table_instance=\"ninja_table_instance_0\" data-footable_id=\"10625\" data-filter-delay=\"1000\" aria-label=\"Termes en n\u00e9onatologie\"            id=\"footable_10625\"\n           data-unique_identifier=\"ninja_table_unique_id_1835518618_10625\"\n           class=\" foo-table ninja_footable foo_table_10625 ninja_table_unique_id_1835518618_10625 ui table  nt_type_ajax_table selectable striped vertical_centered  footable-paging-right\">\n                <colgroup>\n                            <col class=\"ninja_column_0 \">\n                            <col class=\"ninja_column_1 \">\n                    <\/colgroup>\n            <\/table>\n                    <style type=\"text\/css\" id='ninja_table_custom_css_10625'>\n                        #footable_10625  {\n    font-family: inherit;\n    font-size: 14px;\n    }\n\n    \n                <\/style>\n                \n    \n    \n<\/div>\n[\/tw_text][\/vc_column][\/vc_row][vc_row size=&#8221;uk-section-xsmall&#8221;][vc_column][tw_heading title_animate=&#8221;&#8221; title=&#8221;PERSONNEL DE LA N\u00c9ONATALOGIE&#8221; subtitle=&#8221;&#8221; title_align=&#8221;uk-text-left&#8221; max_width=&#8221;title_full&#8221;][\/tw_heading][tw_text]<div id=\"footable_parent_10628\"\n         class=\" footable_parent ninja_table_wrapper loading_ninja_table wp_table_data_press_parent semantic_ui \">\n                <table data-ninja_table_instance=\"ninja_table_instance_1\" data-footable_id=\"10628\" data-filter-delay=\"1000\" aria-label=\"Personnel\"            id=\"footable_10628\"\n           data-unique_identifier=\"ninja_table_unique_id_2008887331_10628\"\n           class=\" foo-table ninja_footable foo_table_10628 ninja_table_unique_id_2008887331_10628 ui table  nt_type_ajax_table selectable striped vertical_centered  footable-paging-right\">\n                <colgroup>\n                            <col class=\"ninja_column_0 \">\n                            <col class=\"ninja_column_1 \">\n                    <\/colgroup>\n            <\/table>\n                    <style type=\"text\/css\" id='ninja_table_custom_css_10625'>\n                        #footable_10625  {\n    font-family: inherit;\n    font-size: 14px;\n    }\n\n    \n                <\/style>\n                                <style type=\"text\/css\" id='ninja_table_custom_css_10628'>\n                        #footable_10628  {\n    font-family: ;\n    font-size: px;\n    }\n\n    \n                <\/style>\n                \n    \n    \n<\/div>\n[\/tw_text][\/vc_column][\/vc_row][vc_row size=&#8221;uk-section-normal&#8221; css=&#8221;.vc_custom_1614307177104{background-position: center !important;background-repeat: no-repeat !important;background-size: cover !important;}&#8221;][vc_column css=&#8221;.vc_custom_1614397931974{padding-top: 50px !important;padding-right: 50px !important;padding-bottom: 50px !important;padding-left: 50px !important;background-color: #eaeaea !important;background-position: center !important;background-repeat: no-repeat !important;background-size: cover !important;}&#8221;][tw_heading title_animate=&#8221;&#8221; title=&#8221;Inspiration&#8221; subtitle=&#8221;&#8221; title_align=&#8221;uk-text-left&#8221; max_width=&#8221;title_full&#8221;]<\/p>\n<ul>\n<li>Abrams, S.A. &amp; Hurst, N.M. (2020). Breastfeeding the preterm infant. Rep\u00e9r\u00e9 \u00e0\u00a0: <a href=\"https:\/\/proxybiblio.uqo.ca:2495\/contents\/breastfeeding-the-preterm-infant\" target=\"_blank\" rel=\"noopener\">https:\/\/proxybiblio.uqo.ca:2495\/contents\/breastfeeding-the-preterm-infant<\/a><\/li>\n<li>Cedars-Sinai Medical Center. (2009). Neonatal ressources: Glossary of Terms. Rep\u00e9r\u00e9 \u00e0: <a href=\"http:\/\/www.goodbeginnings-csmc.org\/neonatal\/resources\/terms.htm\" target=\"_blank\" rel=\"noopener\">http:\/\/www.goodbeginnings-csmc.org\/neonatal\/resources\/terms.htm<\/a><\/li>\n<li>Preemie Care. (2010). Premier Care Glossary of NICU terms. Rep\u00e9r\u00e9 \u00e0: <a href=\"https:\/\/www.preemiecare.org\/Glossary.pdf\" target=\"_blank\" rel=\"noopener\">https:\/\/www.preemiecare.org\/Glossary.pdf<\/a><\/li>\n<li style=\"text-align: left;\">UMass Memorial Children\u2019s Medical Center (2009). Glossary of NICU terms. Rep\u00e9r\u00e9 \u00e0: <a href=\"https:\/\/www.umassmemorialhealthcare.org\/sites\/umass-memorial-hospital\/files\/Documents\/Services\/Pediatrics\/Glossary%20of%20NICU%20Terms.pdf\" target=\"_blank\" rel=\"noopener\">https:\/\/www.umassmemorialhealthcare.org\/sites\/umass-memorial-hospital\/files\/Documents\/Services\/Pediatrics\/Glossary%20of%20NICU%20Terms.pdf<\/a><\/li>\n<li>What To Expect. (2019). NICU Basics: What to Know About the Neonatal Intensive Care Unit. Rep\u00e9r\u00e9 \u00e0: <a href=\"https:\/\/www.whattoexpect.com\/first-year\/nicu-basics.aspx\" target=\"_blank\" rel=\"noopener\">https:\/\/www.whattoexpect.com\/first-year\/nicu-basics.aspx<\/a><\/li>\n<\/ul>\n<p>[\/tw_heading][\/vc_column][\/vc_row]<\/p>\n<\/div>","protected":false},"excerpt":{"rendered":"<p>[vc_row tw_dimension_type=&#8221;custom-min-height&#8221; tw_dimension_height=&#8221;300&#8243; size=&#8221;uk-section-normal&#8221; tablet=&#8221;true&#8221; mobile=&#8221;true&#8221; css=&#8221;.vc_custom_1616805838478{margin-bottom: 55px !important;background: #0a0a0a url(https:\/\/info-prema.uqo.ca\/wp-content\/uploads\/2017\/08\/computer-1149148_1920.jpg?id=9300) !important;background-position: center !important;background-repeat: no-repeat !important;background-size: cover !important;}&#8221;][vc_column][tw_heading heading_tag=&#8221;h2&#8243; title_animate=&#8221;&#8221; title=&#8221;Lexique&#8221; subtitle=&#8221;&#8221; max_width=&#8221;title_full&#8221; uk_light=&#8221;true&#8221; css=&#8221;.vc_custom_1616805740987{padding-top: 30px !important;}&#8221;][\/tw_heading][\/vc_column][\/vc_row][vc_row tw_dimension_type=&#8221;custom-min-height&#8221; tw_dimension_height=&#8221;200&#8243; size=&#8221;uk-section-normal&#8221; large_screens=&#8221;true&#8221; desktop=&#8221;true&#8221; overlay=&#8221;0.3&#8243; css=&#8221;.vc_custom_1616805868121{margin-bottom: 45px !important;background: #0a0a0a url(https:\/\/info-prema.uqo.ca\/wp-content\/uploads\/2017\/08\/computer-1149148_1920.jpg?id=9300) !important;background-position: center !important;background-repeat: no-repeat !important;background-size: cover !important;}&#8221;][vc_column][tw_heading heading_tag=&#8221;h2&#8243; title_animate=&#8221;&#8221; title=&#8221;Lexique&#8221; subtitle=&#8221;&#8221; max_width=&#8221;title_full&#8221; uk_light=&#8221;true&#8221; css=&#8221;.vc_custom_1616805740987{padding-top: 30px !important;}&#8221;][\/tw_heading][\/vc_column][\/vc_row][vc_row size=&#8221;uk-padding-remove-vertical&#8221;][vc_column][tw_heading [&hellip;]<\/p>\n","protected":false},"author":1,"featured_media":0,"parent":0,"menu_order":0,"comment_status":"closed","ping_status":"closed","template":"","meta":{"footnotes":""},"class_list":["post-10620","page","type-page","status-publish","hentry"],"_links":{"self":[{"href":"https:\/\/info-prema.uqo.ca\/index.php?rest_route=\/wp\/v2\/pages\/10620","targetHints":{"allow":["GET"]}}],"collection":[{"href":"https:\/\/info-prema.uqo.ca\/index.php?rest_route=\/wp\/v2\/pages"}],"about":[{"href":"https:\/\/info-prema.uqo.ca\/index.php?rest_route=\/wp\/v2\/types\/page"}],"author":[{"embeddable":true,"href":"https:\/\/info-prema.uqo.ca\/index.php?rest_route=\/wp\/v2\/users\/1"}],"replies":[{"embeddable":true,"href":"https:\/\/info-prema.uqo.ca\/index.php?rest_route=%2Fwp%2Fv2%2Fcomments&post=10620"}],"version-history":[{"count":18,"href":"https:\/\/info-prema.uqo.ca\/index.php?rest_route=\/wp\/v2\/pages\/10620\/revisions"}],"predecessor-version":[{"id":11487,"href":"https:\/\/info-prema.uqo.ca\/index.php?rest_route=\/wp\/v2\/pages\/10620\/revisions\/11487"}],"wp:attachment":[{"href":"https:\/\/info-prema.uqo.ca\/index.php?rest_route=%2Fwp%2Fv2%2Fmedia&parent=10620"}],"curies":[{"name":"wp","href":"https:\/\/api.w.org\/{rel}","templated":true}]}}