{"id":1399,"date":"2017-06-16T08:00:02","date_gmt":"2017-06-16T08:00:02","guid":{"rendered":"http:\/\/lvly.themewaves.com\/?page_id=1399"},"modified":"2021-03-26T19:27:18","modified_gmt":"2021-03-27T00:27:18","slug":"implication-parentale","status":"publish","type":"page","link":"https:\/\/info-prema.uqo.ca\/?page_id=1399","title":{"rendered":"Implication parentale"},"content":{"rendered":"<div class=\"wpb-content-wrapper\"><p>[vc_row tw_dimension_type=&#8221;custom-min-height&#8221; tw_dimension_height=&#8221;300&#8243; size=&#8221;uk-section-normal&#8221; uk_light=&#8221;true&#8221; tablet=&#8221;true&#8221; mobile=&#8221;true&#8221; overlay=&#8221;0.3&#8243; css=&#8221;.vc_custom_1616788195778{padding-top: 0px !important;background: #0a0a0a url(https:\/\/info-prema.uqo.ca\/wp-content\/uploads\/2021\/03\/implication_parentale-e1616463620878.jpg?id=11114) !important;background-position: center !important;background-repeat: no-repeat !important;background-size: cover !important;}&#8221;][vc_column][tw_heading heading_tag=&#8221;h2&#8243; title_animate=&#8221;&#8221; title=&#8221;Implication parentale&#8221; subtitle=&#8221;Comment faire et quoi faire?&#8221; max_width=&#8221;title_full&#8221; css=&#8221;.vc_custom_1616788164604{padding-top: 75px !important;background-position: center !important;background-repeat: no-repeat !important;background-size: cover !important;}&#8221;][\/tw_heading][\/vc_column][\/vc_row][vc_row tw_dimension_type=&#8221;custom-min-height&#8221; tw_dimension_height=&#8221;200&#8243; size=&#8221;uk-section-normal&#8221; uk_light=&#8221;true&#8221; large_screens=&#8221;true&#8221; desktop=&#8221;true&#8221; overlay=&#8221;0.3&#8243; css=&#8221;.vc_custom_1616788213967{background: #0a0a0a url(https:\/\/info-prema.uqo.ca\/wp-content\/uploads\/2021\/03\/implication_parentale-e1616463620878.jpg?id=11114) !important;background-position: center !important;background-repeat: no-repeat !important;background-size: cover !important;}&#8221;][vc_column][tw_heading heading_tag=&#8221;h2&#8243; title_animate=&#8221;&#8221; title=&#8221;Implication parentale&#8221; subtitle=&#8221;Comment faire et quoi faire?&#8221; max_width=&#8221;title_full&#8221; css=&#8221;.vc_custom_1616788392240{padding-top: 15px !important;background-position: center !important;background-repeat: no-repeat !important;background-size: cover !important;}&#8221;][\/tw_heading][\/vc_column][\/vc_row][vc_row size=&#8221;uk-section-normal&#8221;][vc_column][tw_heading title_animate=&#8221;&#8221; title=&#8221;\u00c9tapes de d\u00e9veloppement&#8221; subtitle=&#8221;Implication parentale&#8221; title_align=&#8221;uk-text-left&#8221; max_width=&#8221;title_full&#8221;]Pour s\u2019impliquer dans les soins de votre b\u00e9b\u00e9, <strong>il faut vous accorder du temps<\/strong>. Dans votre apprentissage \u00e0 prendre soins de votre b\u00e9b\u00e9 pr\u00e9matur\u00e9, il est normal de vivre plusieurs \u00e9tapes avant de se sentir compl\u00e8tement \u00e0 l\u2019aise:[\/tw_heading][\/vc_column][\/vc_row][vc_row size=&#8221;uk-padding-remove-vertical&#8221;][vc_column width=&#8221;1\/3&#8243;][tw_iconbox icon=&#8221;linecons&#8221; title=&#8221;Premi\u00e8re \u00e9tape&#8221; size=&#8221;icon-small&#8221;]<\/p>\n<p style=\"text-align: left;\">Au d\u00e9but, il est normal d\u2019<strong>avoir peur de faire mal ou de cr\u00e9er un inconfort<\/strong> chez votre b\u00e9b\u00e9 en le touchant et d\u2019\u00eatre impressionn\u00e9 par l\u2019\u00e9quipement m\u00e9dical qui l\u2019entoure.<\/p>\n<p>[\/tw_iconbox][\/vc_column][vc_column width=&#8221;1\/3&#8243;][tw_iconbox icon=&#8221;eticons&#8221; eticons=&#8221;et-hourglass&#8221; title=&#8221;Deuxi\u00e8me \u00e9tape&#8221; size=&#8221;icon-small&#8221;]<\/p>\n<p style=\"text-align: left;\">Apr\u00e8s un peu de temps, votre attention sera davantage dirig\u00e9e vers votre b\u00e9b\u00e9 et son comportement. En observant, vous pouvez <strong>apprendre \u00e0 le conna\u00eetre et \u00e0 reconnaitre les signes d\u2019inconfort<\/strong>.<\/p>\n<p>[\/tw_iconbox][\/vc_column][vc_column width=&#8221;1\/3&#8243;][tw_iconbox icon=&#8221;linecons&#8221; linecons=&#8221;vc_li vc_li-eye&#8221; title=&#8221;Troisi\u00e8me \u00e9tape&#8221; size=&#8221;icon-small&#8221;]<\/p>\n<p style=\"text-align: left;\">Suite \u00e0 l\u2019observation de votre b\u00e9b\u00e9 qui vous a appris \u00e0 mieux le connaitre, vous allez vous sentir plus \u00e0 l\u2019aise de le toucher. En comprenant les comportements de votre b\u00e9b\u00e9, vous allez constater qu\u2019il appr\u00e9cie votre toucher, puisqu\u2019il sera plus calme et plus confortable. <strong>Vous allez aussi savoir quand le toucher pour le r\u00e9conforter<\/strong>.<\/p>\n<p>[\/tw_iconbox][\/vc_column][\/vc_row][vc_row size=&#8221;uk-padding-remove-vertical&#8221; css=&#8221;.vc_custom_1616788489862{padding-top: 15px !important;}&#8221;][vc_column width=&#8221;1\/3&#8243;][tw_iconbox icon=&#8221;eticons&#8221; eticons=&#8221;et-chat&#8221; title=&#8221;Quatri\u00e8me \u00e9tape&#8221; size=&#8221;icon-small&#8221;]<\/p>\n<p style=\"text-align: left;\">Par la suite, <strong>vous allez probablement vous sentir plus \u00e0 l\u2019aise de faire des soins \u00e0 votre b\u00e9b\u00e9<\/strong> avec le soutien de l\u2019\u00e9quipe soignante. N\u2019h\u00e9sitez pas \u00e0 faire part de vos besoins et questions \u00e0 l\u2019infirmi\u00e8re, son r\u00f4le est de vous accompagner.<\/p>\n<p>[\/tw_iconbox][\/vc_column][vc_column width=&#8221;1\/3&#8243;][tw_iconbox icon=&#8221;eticons&#8221; eticons=&#8221;et-linegraph&#8221; title=&#8221;Cinqui\u00e8me \u00e9tape&#8221; size=&#8221;icon-small&#8221;]<\/p>\n<p style=\"text-align: left;\">En vous impliquant activement dans les soins de votre b\u00e9b\u00e9, <strong>votre confiance en vos capacit\u00e9s d\u2019en prendre soins va augmenter,<\/strong> ainsi que votre connaissance de ses particularit\u00e9s.<\/p>\n<p>[\/tw_iconbox][\/vc_column][vc_column width=&#8221;1\/3&#8243;][\/vc_column][\/vc_row][vc_row][vc_column][tw_text]<\/p>\n<p style=\"text-align: right;\">[tw_button link=&#8221;https:\/\/info-prema.uqo.ca\/?page_id=9957&#8243;\u00a0 size=&#8221;small&#8221; style=&#8221;border uk-button-radius&#8221; hover=&#8221;dark-hover&#8221; icon_class=&#8221;ion-ios-arrow-thin-right&#8221; margin=&#8221;0,0,0,0&#8243; animate_icon=&#8221;true&#8221;]Que puis-je faire[\/tw_button]<\/p>\n<p>[\/tw_text][\/vc_column][\/vc_row]<\/p>\n<\/div>","protected":false},"excerpt":{"rendered":"<p>[vc_row tw_dimension_type=&#8221;custom-min-height&#8221; tw_dimension_height=&#8221;300&#8243; size=&#8221;uk-section-normal&#8221; uk_light=&#8221;true&#8221; tablet=&#8221;true&#8221; mobile=&#8221;true&#8221; overlay=&#8221;0.3&#8243; css=&#8221;.vc_custom_1616788195778{padding-top: 0px !important;background: #0a0a0a url(https:\/\/info-prema.uqo.ca\/wp-content\/uploads\/2021\/03\/implication_parentale-e1616463620878.jpg?id=11114) !important;background-position: center !important;background-repeat: no-repeat !important;background-size: cover !important;}&#8221;][vc_column][tw_heading heading_tag=&#8221;h2&#8243; title_animate=&#8221;&#8221; title=&#8221;Implication parentale&#8221; subtitle=&#8221;Comment faire et quoi faire?&#8221; max_width=&#8221;title_full&#8221; css=&#8221;.vc_custom_1616788164604{padding-top: 75px !important;background-position: center !important;background-repeat: no-repeat !important;background-size: cover !important;}&#8221;][\/tw_heading][\/vc_column][\/vc_row][vc_row tw_dimension_type=&#8221;custom-min-height&#8221; tw_dimension_height=&#8221;200&#8243; size=&#8221;uk-section-normal&#8221; uk_light=&#8221;true&#8221; large_screens=&#8221;true&#8221; desktop=&#8221;true&#8221; overlay=&#8221;0.3&#8243; css=&#8221;.vc_custom_1616788213967{background: #0a0a0a url(https:\/\/info-prema.uqo.ca\/wp-content\/uploads\/2021\/03\/implication_parentale-e1616463620878.jpg?id=11114) !important;background-position: center !important;background-repeat: no-repeat !important;background-size: cover [&hellip;]<\/p>\n","protected":false},"author":1,"featured_media":0,"parent":0,"menu_order":0,"comment_status":"closed","ping_status":"closed","template":"","meta":{"footnotes":""},"class_list":["post-1399","page","type-page","status-publish","hentry"],"_links":{"self":[{"href":"https:\/\/info-prema.uqo.ca\/index.php?rest_route=\/wp\/v2\/pages\/1399","targetHints":{"allow":["GET"]}}],"collection":[{"href":"https:\/\/info-prema.uqo.ca\/index.php?rest_route=\/wp\/v2\/pages"}],"about":[{"href":"https:\/\/info-prema.uqo.ca\/index.php?rest_route=\/wp\/v2\/types\/page"}],"author":[{"embeddable":true,"href":"https:\/\/info-prema.uqo.ca\/index.php?rest_route=\/wp\/v2\/users\/1"}],"replies":[{"embeddable":true,"href":"https:\/\/info-prema.uqo.ca\/index.php?rest_route=%2Fwp%2Fv2%2Fcomments&post=1399"}],"version-history":[{"count":61,"href":"https:\/\/info-prema.uqo.ca\/index.php?rest_route=\/wp\/v2\/pages\/1399\/revisions"}],"predecessor-version":[{"id":11471,"href":"https:\/\/info-prema.uqo.ca\/index.php?rest_route=\/wp\/v2\/pages\/1399\/revisions\/11471"}],"wp:attachment":[{"href":"https:\/\/info-prema.uqo.ca\/index.php?rest_route=%2Fwp%2Fv2%2Fmedia&parent=1399"}],"curies":[{"name":"wp","href":"https:\/\/api.w.org\/{rel}","templated":true}]}}