{"id":9967,"date":"2021-02-19T19:32:51","date_gmt":"2021-02-20T00:32:51","guid":{"rendered":"https:\/\/info-prema.uqo.ca\/?page_id=9967"},"modified":"2022-10-07T08:03:59","modified_gmt":"2022-10-07T13:03:59","slug":"actions-a-faire","status":"publish","type":"page","link":"https:\/\/info-prema.uqo.ca\/?page_id=9967","title":{"rendered":"Favoriser le contact physique"},"content":{"rendered":"<div class=\"wpb-content-wrapper\"><p>[vc_row tw_dimension_type=&#8221;custom-min-height&#8221; tw_dimension_height=&#8221;300&#8243; size=&#8221;uk-section-normal&#8221; uk_light=&#8221;true&#8221; tablet=&#8221;true&#8221; mobile=&#8221;true&#8221; overlay=&#8221;0.3&#8243; css=&#8221;.vc_custom_1616794402453{margin-bottom: 55px !important;background: #0a0a0a url(https:\/\/info-prema.uqo.ca\/wp-content\/uploads\/2021\/03\/que_puis_je_faire-e1616719198430.jpg?id=11150) !important;background-position: center !important;background-repeat: no-repeat !important;background-size: cover !important;}&#8221;][vc_column][tw_heading heading_tag=&#8221;h2&#8243; title_animate=&#8221;&#8221; title=&#8221;Que puis-je faire?&#8221; subtitle=&#8221;&#8221; max_width=&#8221;title_700&#8243; css=&#8221;.vc_custom_1616794389878{padding-top: 30px !important;}&#8221;][\/tw_heading][\/vc_column][\/vc_row][vc_row tw_dimension_type=&#8221;custom-min-height&#8221; tw_dimension_height=&#8221;200&#8243; size=&#8221;uk-section-normal&#8221; uk_light=&#8221;true&#8221; large_screens=&#8221;true&#8221; desktop=&#8221;true&#8221; overlay=&#8221;0.3&#8243; css=&#8221;.vc_custom_1616794539286{margin-bottom: 45px !important;background: #0a0a0a url(https:\/\/info-prema.uqo.ca\/wp-content\/uploads\/2021\/03\/que_puis_je_faire-e1616719198430.jpg?id=11150) !important;background-position: center !important;background-repeat: no-repeat !important;background-size: cover !important;}&#8221;][vc_column][tw_heading heading_tag=&#8221;h2&#8243; title_animate=&#8221;&#8221; title=&#8221;Favoriser le contact physique&#8221; subtitle=&#8221;Que puis-je faire?&#8221; max_width=&#8221;title_full&#8221;][\/tw_heading][\/vc_column][\/vc_row][vc_row size=&#8221;uk-padding-remove-vertical&#8221; gutter=&#8221;uk-grid-collapse&#8221; css=&#8221;.vc_custom_1616794426596{padding-bottom: 75px !important;}&#8221;][vc_column width=&#8221;1\/4&#8243;][vc_wp_custommenu title=&#8221;Sections&#8221; nav_menu=&#8221;117&#8243;][vc_row_inner size=&#8221;uk-section-xsmall&#8221; equal_height=&#8221;&#8221;][vc_column_inner][\/vc_column_inner][\/vc_row_inner][\/vc_column][vc_column width=&#8221;3\/4&#8243;][tw_heading title_animate=&#8221;true&#8221; title=&#8221;&#8221; subtitle=&#8221;Que puis-je faire?&#8221; title_align=&#8221;uk-text-left&#8221; max_width=&#8221;title_700&#8243;][\/tw_heading][tw_heading title_animate=&#8221;&#8221; title=&#8221;Favoriser le contact physique&#8221; subtitle=&#8221;&#8221; title_align=&#8221;uk-text-left&#8221; max_width=&#8221;title_700&#8243;]Il y a plusieurs fa\u00e7ons d\u2019\u00eatre en contact physique avec votre b\u00e9b\u00e9. <strong>Vous pouvez toucher votre b\u00e9b\u00e9, lui prendre la main, lui donner des c\u00e2lins, le prendre dans vos bras ou faire la m\u00e9thode kangourou.<\/strong> Cette m\u00e9thode consiste \u00e0 mettre le b\u00e9b\u00e9 en peau \u00e0 peau avec vous.<\/p>\n<p>Pour ce faire, vous devez vous d\u00e9v\u00eatir le haut du corps et prendre votre b\u00e9b\u00e9 qui porte seulement une couche et une tuque en le posant sur votre thorax. Une couverture sera ensuite d\u00e9pos\u00e9e sur le b\u00e9b\u00e9 pour favoriser la conservation de la chaleur. Lors de la session de kangourou avec votre b\u00e9b\u00e9, le moniteur cardiorespiratoire restera en fonction pour poursuivre la surveillance de votre b\u00e9b\u00e9 par l\u2019\u00e9quipe soignante. Selon votre confort et celui de l\u2019infirmi\u00e8re, des soins peuvent \u00eatre prodigu\u00e9s \u00e0 votre b\u00e9b\u00e9 lors de la m\u00e9thode kangourou. Par exemple, l\u2019alimentation par gavage pourrait \u00eatre administr\u00e9e, ou un pr\u00e9l\u00e8vement sanguin pourrait \u00eatre fait. Lorsque ces proc\u00e9dures sont r\u00e9alis\u00e9es et que le b\u00e9b\u00e9 est en m\u00e9thode kangourou, ceci r\u00e9duit son inconfort et favorise son retour au calme.<\/p>\n<blockquote>\n<p>N&#8217;h\u00e9sitez pas \u00e0 toucher votre b\u00e9b\u00e9, ceci est b\u00e9n\u00e9fique pour\u00a0 lui et pour vous.<\/p>\n<\/blockquote>\n<p><strong>Ce contact est tr\u00e8s b\u00e9n\u00e9fique pour vous et votre b\u00e9b\u00e9.<\/strong> Pour votre b\u00e9b\u00e9, la m\u00e9thode kangourou r\u00e9duit le risque d\u2019infection, d\u2019hypoglyc\u00e9mie (taux de sucre bas dans le sang), la r\u00e9admission \u00e0 l\u2019h\u00f4pital apr\u00e8s le cong\u00e9. Elle r\u00e9duit \u00e9galement le rythme respiratoire (respirations\/minute), la douleur lors de proc\u00e9dures et favorise l\u2019allaitement, une meilleure saturation en oxyg\u00e8ne (taux d\u2019oxyg\u00e8ne dans le sang), une temp\u00e9rature corporelle ad\u00e9quate et la croissance de la circonf\u00e9rence de la t\u00eate de votre b\u00e9b\u00e9. Pour le parent qui pratique la m\u00e9thode kangourou, ceci am\u00e9liore l\u2019exp\u00e9rience v\u00e9cue apr\u00e8s l\u2019accouchement pr\u00e9matur\u00e9, <strong>am\u00e9liore la relation parent-b\u00e9b\u00e9, r\u00e9duit le risque de d\u00e9pression post-partum ainsi que le stress et l\u2019anxi\u00e9t\u00e9 en plus d\u2019am\u00e9liorer la lactation et l\u2019allaitement.<\/strong> Avec l\u2019accord de l\u2019\u00e9quipe soignante, la m\u00e9thode kangourou devrait \u00eatre pratiqu\u00e9e le plus souvent et le plus longtemps possible.<\/p>\n<p>&nbsp;<\/p>\n<p>&nbsp;[\/tw_heading][vc_row_inner equal_height=&#8221;&#8221; large_screens=&#8221;true&#8221; desktop=&#8221;true&#8221;][vc_column_inner][tw_text]<\/p>\n<p style=\"text-align: right;\">[tw_button link=&#8221;https:\/\/info-prema.uqo.ca\/?page_id=9974&#8243;\u00a0 size=&#8221;small&#8221; style=&#8221;border uk-button-radius&#8221; hover=&#8221;dark-hover&#8221; icon_class=&#8221;ion-ios-arrow-thin-right&#8221; margin=&#8221;0,0,0,0&#8243; animate_icon=&#8221;true&#8221;]Avoir des interactions parent-enfant[\/tw_button]<\/p>\n<p>[\/tw_text][\/vc_column_inner][\/vc_row_inner][tw_text]https:\/\/www.youtube.com\/watch?v=00ceJSAg364[\/tw_text][tw_text]https:\/\/www.youtube.com\/watch?v=sJhNL2vXWw4[\/tw_text][tw_text]https:\/\/www.youtube.com\/watch?v=Gn5ehnfEscU[\/tw_text][\/vc_column][\/vc_row][vc_row size=&#8221;uk-section-small&#8221; large_screens=&#8221;true&#8221; desktop=&#8221;true&#8221; css=&#8221;.vc_custom_1613862551229{padding-bottom: -50px !important;}&#8221;][vc_column][vc_wp_custommenu nav_menu=&#8221;115&#8243; title=&#8221;Sections&#8221;][\/vc_column][\/vc_row]<\/p>\n<\/div>","protected":false},"excerpt":{"rendered":"<p>[vc_row tw_dimension_type=&#8221;custom-min-height&#8221; tw_dimension_height=&#8221;300&#8243; size=&#8221;uk-section-normal&#8221; uk_light=&#8221;true&#8221; tablet=&#8221;true&#8221; mobile=&#8221;true&#8221; overlay=&#8221;0.3&#8243; css=&#8221;.vc_custom_1616794402453{margin-bottom: 55px !important;background: #0a0a0a url(https:\/\/info-prema.uqo.ca\/wp-content\/uploads\/2021\/03\/que_puis_je_faire-e1616719198430.jpg?id=11150) !important;background-position: center !important;background-repeat: no-repeat !important;background-size: cover !important;}&#8221;][vc_column][tw_heading heading_tag=&#8221;h2&#8243; title_animate=&#8221;&#8221; title=&#8221;Que puis-je faire?&#8221; subtitle=&#8221;&#8221; max_width=&#8221;title_700&#8243; css=&#8221;.vc_custom_1616794389878{padding-top: 30px !important;}&#8221;][\/tw_heading][\/vc_column][\/vc_row][vc_row tw_dimension_type=&#8221;custom-min-height&#8221; tw_dimension_height=&#8221;200&#8243; size=&#8221;uk-section-normal&#8221; uk_light=&#8221;true&#8221; large_screens=&#8221;true&#8221; desktop=&#8221;true&#8221; overlay=&#8221;0.3&#8243; css=&#8221;.vc_custom_1616794539286{margin-bottom: 45px !important;background: #0a0a0a url(https:\/\/info-prema.uqo.ca\/wp-content\/uploads\/2021\/03\/que_puis_je_faire-e1616719198430.jpg?id=11150) !important;background-position: center !important;background-repeat: no-repeat !important;background-size: cover !important;}&#8221;][vc_column][tw_heading heading_tag=&#8221;h2&#8243; title_animate=&#8221;&#8221; title=&#8221;Favoriser le contact physique&#8221; [&hellip;]<\/p>\n","protected":false},"author":1,"featured_media":0,"parent":0,"menu_order":0,"comment_status":"closed","ping_status":"closed","template":"","meta":{"footnotes":""},"class_list":["post-9967","page","type-page","status-publish","hentry"],"_links":{"self":[{"href":"https:\/\/info-prema.uqo.ca\/index.php?rest_route=\/wp\/v2\/pages\/9967","targetHints":{"allow":["GET"]}}],"collection":[{"href":"https:\/\/info-prema.uqo.ca\/index.php?rest_route=\/wp\/v2\/pages"}],"about":[{"href":"https:\/\/info-prema.uqo.ca\/index.php?rest_route=\/wp\/v2\/types\/page"}],"author":[{"embeddable":true,"href":"https:\/\/info-prema.uqo.ca\/index.php?rest_route=\/wp\/v2\/users\/1"}],"replies":[{"embeddable":true,"href":"https:\/\/info-prema.uqo.ca\/index.php?rest_route=%2Fwp%2Fv2%2Fcomments&post=9967"}],"version-history":[{"count":55,"href":"https:\/\/info-prema.uqo.ca\/index.php?rest_route=\/wp\/v2\/pages\/9967\/revisions"}],"predecessor-version":[{"id":11611,"href":"https:\/\/info-prema.uqo.ca\/index.php?rest_route=\/wp\/v2\/pages\/9967\/revisions\/11611"}],"wp:attachment":[{"href":"https:\/\/info-prema.uqo.ca\/index.php?rest_route=%2Fwp%2Fv2%2Fmedia&parent=9967"}],"curies":[{"name":"wp","href":"https:\/\/api.w.org\/{rel}","templated":true}]}}